{"id":46627,"date":"2026-04-30T14:03:37","date_gmt":"2026-04-30T18:03:37","guid":{"rendered":"https:\/\/jid.org\/?post_type=eventos&#038;p=46627"},"modified":"2026-04-30T14:03:37","modified_gmt":"2026-04-30T18:03:37","slug":"seminario-de-control-de-armas-capacidad-de-los-estados-para-la-cooperacion-frente-al-trafico-ilicito-de-armas-y-municiones-en-el-hemisferio","status":"publish","type":"eventos","link":"https:\/\/jid.org\/en\/eventos\/seminario-de-control-de-armas-capacidad-de-los-estados-para-la-cooperacion-frente-al-trafico-ilicito-de-armas-y-municiones-en-el-hemisferio\/","title":{"rendered":"SEMINARIO DE CONTROL DE ARMAS: CAPACIDAD DE LOS ESTADOS PARA LA COOPERACION FRENTE AL TRAFICO IL\u00cdCITO DE ARMAS Y MUNICIONES EN EL HEMISFERIO\u00bb"},"content":{"rendered":"\n<p>El evento abordar\u00e1 los desaf\u00edos actuales del tr\u00e1fico il\u00edcito de armas y municiones, destacando la importancia de la cooperaci\u00f3n internacional, el fortalecimiento de capacidades institucionales y la articulaci\u00f3n entre autoridades civiles y militares. Asimismo, se analizar\u00e1n mecanismos para optimizar la respuesta conjunta frente a estas amenazas, que inciden directamente en la seguridad y estabilidad del hemisferio.<\/p>\n","protected":false},"featured_media":46628,"template":"","destacado":[361],"tipo-de-evento":[336],"class_list":["post-46627","eventos","type-eventos","status-publish","has-post-thumbnail","hentry","destacado-si","tipo-de-evento-en-linea"],"_links":{"self":[{"href":"https:\/\/jid.org\/en\/wp-json\/wp\/v2\/eventos\/46627","targetHints":{"allow":["GET"]}}],"collection":[{"href":"https:\/\/jid.org\/en\/wp-json\/wp\/v2\/eventos"}],"about":[{"href":"https:\/\/jid.org\/en\/wp-json\/wp\/v2\/types\/eventos"}],"wp:featuredmedia":[{"embeddable":true,"href":"https:\/\/jid.org\/en\/wp-json\/wp\/v2\/media\/46628"}],"wp:attachment":[{"href":"https:\/\/jid.org\/en\/wp-json\/wp\/v2\/media?parent=46627"}],"wp:term":[{"taxonomy":"destacado","embeddable":true,"href":"https:\/\/jid.org\/en\/wp-json\/wp\/v2\/destacado?post=46627"},{"taxonomy":"tipo-de-evento","embeddable":true,"href":"https:\/\/jid.org\/en\/wp-json\/wp\/v2\/tipo-de-evento?post=46627"}],"curies":[{"name":"wp","href":"https:\/\/api.w.org\/{rel}","templated":true}]}}

SEMINARIO DE CONTROL DE ARMAS: CAPACIDAD DE LOS ESTADOS PARA LA COOPERACION FRENTE AL TRAFICO ILÍCITO DE ARMAS Y MUNICIONES EN EL HEMISFERIO»

<p>El evento abordará los desafíos actuales del tráfico ilícito de armas y municiones, destacando la importancia de la cooperación internacional, el fortalecimiento de capacidades institucionales y la articulación entre autoridades civiles y militares. Asimismo, se analizarán mecanismos para optimizar la respuesta conjunta frente a estas amenazas, que inciden directamente en la seguridad y estabilidad del hemisferio.</p>
