{"id":44485,"date":"2024-02-26T10:48:27","date_gmt":"2024-02-26T15:48:27","guid":{"rendered":"https:\/\/jid.org\/?post_type=documentos&#038;p=44485"},"modified":"2024-06-26T10:59:33","modified_gmt":"2024-06-26T14:59:33","slug":"resolucion-no-268-2024-de-fecha-27-de-febrero-del-2024-aprobar-la-designacion-del-vicepresidente-del-consejo-de-delegados-de-la-jid","status":"publish","type":"documentos","link":"https:\/\/jid.org\/pt\/documentos\/resolucion-no-268-2024-de-fecha-27-de-febrero-del-2024-aprobar-la-designacion-del-vicepresidente-del-consejo-de-delegados-de-la-jid\/","title":{"rendered":"Resoluc\u00ed\u00f3n No 268-2024 de fecha 27 de febrero del 2024 &#8211; Aprobar la Designaci\u00f3n del Vicepresidente del Consejo de Delegados de la JID"},"template":"","tipo-de-documento":[362],"class_list":["post-44485","documentos","type-documentos","status-publish","hentry","tipo-de-documento-resoluciones"],"_links":{"self":[{"href":"https:\/\/jid.org\/pt\/wp-json\/wp\/v2\/documentos\/44485","targetHints":{"allow":["GET"]}}],"collection":[{"href":"https:\/\/jid.org\/pt\/wp-json\/wp\/v2\/documentos"}],"about":[{"href":"https:\/\/jid.org\/pt\/wp-json\/wp\/v2\/types\/documentos"}],"wp:attachment":[{"href":"https:\/\/jid.org\/pt\/wp-json\/wp\/v2\/media?parent=44485"}],"wp:term":[{"taxonomy":"tipo-de-documento","embeddable":true,"href":"https:\/\/jid.org\/pt\/wp-json\/wp\/v2\/tipo-de-documento?post=44485"}],"curies":[{"name":"wp","href":"https:\/\/api.w.org\/{rel}","templated":true}]}}

Resolucíón No 268-2024 de fecha 27 de febrero del 2024 &#8211; Aprobar la Designación del Vicepresidente del Consejo de Delegados de la JID
