{"id":44698,"date":"2024-09-04T10:41:15","date_gmt":"2024-09-04T14:41:15","guid":{"rendered":"https:\/\/jid.org\/?post_type=eventos&#038;p=44698"},"modified":"2025-02-27T10:41:21","modified_gmt":"2025-02-27T15:41:21","slug":"taller-previniendo-el-trafico-de-las-armas-de-fuego-municiones-y-explosivos","status":"publish","type":"eventos","link":"https:\/\/jid.org\/pt\/eventos\/taller-previniendo-el-trafico-de-las-armas-de-fuego-municiones-y-explosivos\/","title":{"rendered":"Taller Previniendo el tr\u00e1fico de las armas de fuego, municiones y explosivos"},"content":{"rendered":"\n<figure class=\"wp-block-image size-full\"><img fetchpriority=\"high\" decoding=\"async\" width=\"800\" height=\"450\" src=\"https:\/\/jid.org\/wp-content\/uploads\/2024\/09\/Imagen-Principal-con-QR-Editada-3.jpg\" alt=\"\" class=\"wp-image-44707\" srcset=\"https:\/\/jid.org\/wp-content\/uploads\/2024\/09\/Imagen-Principal-con-QR-Editada-3.jpg 800w, https:\/\/jid.org\/wp-content\/uploads\/2024\/09\/Imagen-Principal-con-QR-Editada-3-300x169.jpg 300w, https:\/\/jid.org\/wp-content\/uploads\/2024\/09\/Imagen-Principal-con-QR-Editada-3-768x432.jpg 768w, https:\/\/jid.org\/wp-content\/uploads\/2024\/09\/Imagen-Principal-con-QR-Editada-3-18x10.jpg 18w\" sizes=\"(max-width: 800px) 100vw, 800px\" \/><\/figure>\n\n\n\n<p>OBJETIVO TALLER : Propiciar un espacio de difusi\u00f3n y transmisi\u00f3n de conocimiento, para fortalecer las capacidades de cooperaci\u00f3n hemisf\u00e9rica en la prevenci\u00f3n y combate a la proliferaci\u00f3n, fabricaci\u00f3n y tr\u00e1fico il\u00edcito transnacional de armas de fuego y municiones bajo un enfoque de seguridad multidimensional.<\/p>\n\n\n\n<p>TIPO DE EVENTO: Taller<\/p>\n\n\n\n<ul class=\"wp-block-list\">\n<li>FECHA PREVISTA: 02 de Octubre de 2024<\/li>\n\n\n\n<li>TIEMPO DISPONIBLE : 04 horas. 09:00 a 13:00 horas<\/li>\n\n\n\n<li>ENFOQUE : Capacitaci\u00f3n<\/li>\n\n\n\n<li>FORMATO : Virtual con transmisi\u00f3n plataforma zoom y canal YouTube JID.<\/li>\n\n\n\n<li>IDIOMA : Traducci\u00f3n a Espa\u00f1ol, Ingl\u00e9s, Portugu\u00e9s.<\/li>\n\n\n\n<li>DIRIGIDO : Fuerzas Militares, Cuerpos de Polic\u00eda, Guardias Nacionales y Organismos de Seguridad de Pa\u00edses Parte OEA y Observadores Permanentes.<\/li>\n\n\n\n<li>PONENCIAS : 05<\/li>\n<\/ul>\n\n\n\n<p>Extendemos una cordial invitaci\u00f3n para que su pa\u00eds designe y promueva la participaci\u00f3n sin restricci\u00f3n num\u00e9rica de asistentes, de Fuerzas Armadas, Fuerzas Policiales, Guardia Nacional y otros organismos de seguridad pertinentes, para participar del seminario de manera virtual, realice su registro en siguiente link. <a href=\"https:\/\/forms.office.com\/g\/U9vftKR4xT\" target=\"_blank\" rel=\"noopener noreferrer nofollow\">https:\/\/forms.office.com\/g\/U9vftKR4xT<\/a> <\/p>\n\n\n\n<p>Una vez registrados, recibir\u00e1n en la direcci\u00f3n de correo ingresada la invitaci\u00f3n para participar en el Seminario. Se solicita que el registro sea completado a m\u00e1s tardar el d\u00eda 30 de Septiembre de 2024.<\/p>\n\n\n\n<p>Para fines de coordinaci\u00f3n o en caso exista alguna consulta, el punto de contacto es el siguiente: <\/p>\n\n\n\n<p>Coronel Oscar Gordillo Quintero, Jefe Secci\u00f3n, Asesor Gesti\u00f3n de Armas, JID<br>gordillon@jid.org. Tel\u00e9fono 240 6431204.<\/p>\n","protected":false},"featured_media":44708,"template":"","destacado":[],"tipo-de-evento":[336],"class_list":["post-44698","eventos","type-eventos","status-publish","has-post-thumbnail","hentry","tipo-de-evento-en-linea"],"_links":{"self":[{"href":"https:\/\/jid.org\/pt\/wp-json\/wp\/v2\/eventos\/44698","targetHints":{"allow":["GET"]}}],"collection":[{"href":"https:\/\/jid.org\/pt\/wp-json\/wp\/v2\/eventos"}],"about":[{"href":"https:\/\/jid.org\/pt\/wp-json\/wp\/v2\/types\/eventos"}],"wp:featuredmedia":[{"embeddable":true,"href":"https:\/\/jid.org\/pt\/wp-json\/wp\/v2\/media\/44708"}],"wp:attachment":[{"href":"https:\/\/jid.org\/pt\/wp-json\/wp\/v2\/media?parent=44698"}],"wp:term":[{"taxonomy":"destacado","embeddable":true,"href":"https:\/\/jid.org\/pt\/wp-json\/wp\/v2\/destacado?post=44698"},{"taxonomy":"tipo-de-evento","embeddable":true,"href":"https:\/\/jid.org\/pt\/wp-json\/wp\/v2\/tipo-de-evento?post=44698"}],"curies":[{"name":"wp","href":"https:\/\/api.w.org\/{rel}","templated":true}]}}

Taller Previniendo el tráfico de las armas de fuego, municiones y explosivos

<figure class="wp-block-image size-full"><img fetchpriority="high" decoding="async" width="800" height="450" src="https://jid.org/wp-content/uploads/2024/09/Imagen-Principal-con-QR-Editada-3.jpg" alt="" class="wp-image-44707" srcset="https://jid.org/wp-content/uploads/2024/09/Imagen-Principal-con-QR-Editada-3.jpg 800w, https://jid.org/wp-content/uploads/2024/09/Imagen-Principal-con-QR-Editada-3-300x169.jpg 300w, https://jid.org/wp-content/uploads/2024/09/Imagen-Principal-con-QR-Editada-3-768x432.jpg 768w, https://jid.org/wp-content/uploads/2024/09/Imagen-Principal-con-QR-Editada-3-18x10.jpg 18w" sizes="(max-width: 800px) 100vw, 800px" /></figure>



<p>OBJETIVO TALLER : Propiciar un espacio de difusión y transmisión de conocimiento, para fortalecer las capacidades de cooperación hemisférica en la prevención y combate a la proliferación, fabricación y tráfico ilícito transnacional de armas de fuego y municiones bajo un enfoque de seguridad multidimensional.</p>



<p>TIPO DE EVENTO: Taller</p>



<ul class="wp-block-list">
<li>FECHA PREVISTA: 02 de Octubre de 2024</li>



<li>TIEMPO DISPONIBLE : 04 horas. 09:00 a 13:00 horas</li>



<li>ENFOQUE : Capacitación</li>



<li>FORMATO : Virtual con transmisión plataforma zoom y canal YouTube JID.</li>



<li>IDIOMA : Traducción a Español, Inglés, Portugués.</li>



<li>DIRIGIDO : Fuerzas Militares, Cuerpos de Policía, Guardias Nacionales y Organismos de Seguridad de Países Parte OEA y Observadores Permanentes.</li>



<li>PONENCIAS : 05</li>
</ul>



<p>Extendemos una cordial invitación para que su país designe y promueva la participación sin restricción numérica de asistentes, de Fuerzas Armadas, Fuerzas Policiales, Guardia Nacional y otros organismos de seguridad pertinentes, para participar del seminario de manera virtual, realice su registro en siguiente link. <a href="https://forms.office.com/g/U9vftKR4xT" target="_blank" rel="noopener noreferrer nofollow">https://forms.office.com/g/U9vftKR4xT</a> </p>



<p>Una vez registrados, recibirán en la dirección de correo ingresada la invitación para participar en el Seminario. Se solicita que el registro sea completado a más tardar el día 30 de Septiembre de 2024.</p>



<p>Para fines de coordinación o en caso exista alguna consulta, el punto de contacto es el siguiente: </p>



<p>Coronel Oscar Gordillo Quintero, Jefe Sección, Asesor Gestión de Armas, JID<br>gordillon@jid.org. Teléfono 240 6431204.</p>
